 the prime factors of 31484450?
2, 5, 629689
List the prime factors of 3054126603.
3, 11, 31, 173, 17257
List the prime factors of 292393876.
2, 73098469
What are the prime factors of 47377406?
2, 79, 299857
List the prime factors of 4779768959.
7, 1223, 558319
What are the prime factors of 700144310?
2, 5, 53, 89, 14843
What are the prime factors of 47079387?
3, 581227
List the prime factors of 421043779.
13, 29, 73, 15299
What are the prime factors of 110256652?
2, 11, 107, 2129
List the prime factors of 365976893.
2311, 158363
List the prime factors of 188670530.
2, 5, 18867053
What are the prime factors of 347207319?
3, 503, 76697
What are the prime factors of 207906533?
207906533
List the prime factors of 49327849.
1237, 39877
List the prime factors of 46152607.
46152607
List the prime factors of 114920125.
5, 829, 1109
What are the prime factors of 62986252?
2, 7, 701, 3209
List the prime factors of 95170949.
673, 141413
What are the prime factors of 144864652?
2, 541, 66943
List the prime factors of 190830331.
97, 1967323
What are the prime factors of 230111922?
2, 3, 38351987
What are the prime factors of 5691045?
3, 5, 461, 823
What are the prime factors of 6802664654?
2, 21211, 160357
What are the prime factors of 1169421168?
2, 3, 24362941
What are the prime factors of 1031830441?
1031830441
List the prime factors of 124524604.
2, 211, 147541
What are the prime factors of 6559236670?
2, 5, 7, 61, 1536121
List the prime factors of 1506302208.
2, 3, 653777
What are the prime factors of 3226586500?
2, 5, 6453173
List the prime factors of 649750510.
2, 5, 29, 79, 359
What are the prime factors of 203779925?
5, 8151197
List the prime factors of 25390447.
83, 509, 601
List the prime factors of 383956228.
2, 613, 156589
What are the prime factors of 24308220?
2, 3, 5, 19, 21323
List the prime factors of 1888373840.
2, 5, 383, 61631
List the prime factors of 50068919.
50068919
What are the prime factors of 12406362?
2, 3, 17, 121631
List the prime factors of 45640719.
3, 409, 4133
What are the prime factors of 33239198?
2, 16619599
What are the prime factors of 2634982146?
2, 3, 146387897
List the prime factors of 3936254933.
13, 53, 487, 11731
List the prime factors of 41709783.
3, 1427, 9743
What are the prime factors of 6193602958?
2, 4973, 622723
List the prime factors of 4035297047.
4035297047
What are the prime factors of 728193771?
3, 137, 563, 1049
List the prime factors of 354212364.
2, 3, 11, 19, 141233
List the prime factors of 161691415.
5, 757, 42719
What are the prime factors of 1177744257?
3, 130860473
What are the prime factors of 17808520?
2, 5, 17, 26189
List the prime factors of 34402119.
3, 37, 309929
List the prime factors of 5126743295.
5, 17, 131, 460417
What are the prime factors of 75393326?
2, 37696663
List the prime factors of 73992398.
2, 17, 29, 101, 743
List the prime factors of 1721684290.
2, 5, 172168429
What are the prime factors of 1657163053?
7, 13, 3833, 4751
What are the prime factors of 1236386833?
11, 10218073
What are the prime factors of 36126024?
2, 3, 11, 136841
List the prime factors of 78042817.
463, 168559
What are the prime factors of 1869133449?
3, 97, 191, 33629
List the prime factors of 26204339.
7, 3743477
What are the prime factors of 26486817?
3, 7, 19, 66383
What are the prime factors of 452538413?
21227, 21319
List the prime factors of 3282628030.
2, 5, 11, 29, 1029037
List the prime factors of 33842566.
2, 937, 18059
List the prime factors of 2207750631.
3, 241, 1543, 1979
List the prime factors of 62899860.
2, 3, 5, 89, 11779
What are the prime factors of 4828829826?
2, 3, 3089, 260539
What are the prime factors of 564333275?
5, 11, 17, 120713
List the prime factors of 196057530.
2, 3, 5, 726139
What are the prime factors of 34541214?
2, 3, 269, 21401
List the prime factors of 1077192777.
3, 17, 137, 151, 1021
What are the prime factors of 72030761?
11, 6548251
What are the prime factors of 665728840?
2, 5, 7, 17, 19, 433
List the prime factors of 70158052.
2, 41, 61, 7013
What are the prime factors of 620529648?
2, 3, 17, 760453
What are the prime factors of 31945349?
509, 62761
What are the prime factors of 10920777?
3, 7, 10613
What are the prime factors of 16694388?
2, 3, 19, 24407
What are the prime factors of 1898839026?
2, 3, 7, 1063, 14177
What are the prime factors of 764434393?
17, 37, 761, 1597
List the prime factors of 142741010.
2, 5, 17, 839653
What are the prime factors of 943849837?
7, 67, 769, 2617
What are the prime factors of 55026447?
3, 7, 2620307
What are the prime factors of 3825435317?
11, 601, 578647
List the prime factors of 15850616.
2, 127, 15601
List the prime factors of 1753813428.
2, 3, 859, 170141
List the prime factors of 322146998.
2, 1433, 112403
What are the prime factors of 190944452?
2, 19, 132233
List the prime factors of 2136012902.
2, 31, 79, 131, 3329
List the prime factors of 8895070941.
3, 313, 691, 13709
What are the prime factors of 214690676?
2, 53672669
List the prime factors of 140039641.
7, 41, 487943
List the prime factors of 740187768.
2, 3, 30841157
What are the prime factors of 81967409?
1087, 75407
What are the prime factors of 2834116976?
2, 677, 261643
List the prime factors of 398253103.
398253103
List the prime factors of 740418708.
2, 3, 61701559
What are the prime factors of 11042277?
3, 23, 160033
List the prime factors of 124395425.
5, 7, 11, 64621
List the prime factors of 136241478.
2, 3, 29, 260999
What are the prime factors of 1171578488?
2, 8951, 16361
List the prime factors of 1753152189.
3, 17159, 34057
What are the prime factors of 863522701?
17, 31, 1638563
List the prime factors of 153778015.
5, 30755603
What are the prime factors of 1587737623?
1587737623
What are the prime factors of 6906878?
2, 11, 313949
List the prime factors of 396277067.
37, 271, 39521
List the prime factors of 12584555.
5, 19, 132469
List the prime factors of 5353141.
2237, 2393
List the prime factors of 1645988763.
3, 1009, 543769
List the prime factors of 29393996.
2, 7348499
What are the prime factors of 44658081?
3, 13, 9787
List the prime factors of 22503667.
173, 130079
What are the prime factors of 6879588735?
3, 5, 12437, 36877
List the prime factors of 5667092111.
7829, 723859
What are the prime factors of 85046003?
7, 12149429
List the prime factors of 119610114.
2, 3, 13, 1533463
List the prime factors of 4405831873.
29, 1109, 136993
What are the prime factors of 4253317141?
659, 6454199
What are the prime factors of 85490894?
2, 193, 241, 919
List the prime factors of 328177460.
2, 5, 13, 1262221
List the prime factors of 1642603395.
3, 5, 127, 862259
What are the prime factors of 6578649527?
6578649527
What are the prime factors of 210844441?
53, 3978197
List the prime factors of 3397266325.
5, 135890653
List the prime factors of 742592545.
5, 148518509
List the prime factors of 702109115.
5, 113, 829, 1499
What are the prime factors of 469854074?
2, 23, 1229, 8311
List the prime factors of 751518246.
2, 3, 3083, 40627
List the prime factors of 1116027191.
10141, 110051
What are the prime factors of 2724600108?
2, 3, 227050009
List the prime factors of 51122665.
5, 11, 101, 9203
What are the prime factors of 7133516004?
2, 3, 594459667
List the prime factors of 797512020.
2, 3, 5, 563, 23609
What are the prime factors of 7044069?
3, 17, 59, 2341
List the prime factors of 843331090.
2, 5, 7, 991, 12157
List the prime factors of 54602384.
2, 3412649
What are the prime factors of 437156719?
41, 10662359
List the prime factors of 320229538.
2, 73, 2193353
List the prime factors of 231807123.
3, 8585449
List the prime factors of 625941938.
2, 17, 18410057
What are the prime factors of 243295910?
2, 5, 11, 13, 15467
What are the prime factors of 578174460?
2, 3, 5, 23, 239, 1753
List the prime factors of 3083337957.
3, 7, 17, 8636801
What are the prime factors of 176737864?
2, 131, 168643
What are the prime factors of 9269917?
401, 23117
List the prime factors of 26060907.
3, 1223, 7103
What are the prime factors of 214751740?
2, 5, 7, 59, 25999
What are the prime factors of 706049857?
1013, 696989
What are the prime factors of 247093867?
43, 127, 45247
What are the prime factors of 879055445?
5, 61, 2882149
List the prime fac